3/6 + d**2. What are the prime factors of c(5)?
2, 7
Let k(q) = q**2 + 8*q + 1. Let w be k(-10). Let p = w - 8. List the prime factors of p.
13
Let w(q) = -7*q**3 + 2*q + 1. Let y be w(-1). Suppose -y*g - 567 = -3*g. List the prime factors of g/(-15) - (-4)/10.
13
Suppose 5*o - 460 = 3*a, 0 = 5*o - 0*o - 5*a - 470. List the prime factors of o.
89
Let b(u) be the first derivative of u**4/4 + 8*u**3/3 - u**2/2 + 11*u - 9. Suppose -3*n - 4 = 20. What are the prime factors of b(n)?
19
Let u(k) be the third derivative of -k**6/120 + k**5/10 + k**4/6 - 3*k**3/2 + k**2. List the prime factors of u(6).
3, 5
Let i(a) = -a + 8. Let b be 0 - 0 - 18/(-3). Let j be i(b). Suppose p = -j + 6. What are the prime factors of p?
2
Suppose -4*a + 3*a + 10 = 0. Suppose k - a = 3*k. What are the prime factors of 2/((20/(-18))/k)?
3
Suppose 5*o + 0*r - 56 = -4*r, -16 = -o + 4*r. List the prime factors of o.
2, 3
Let d = 386 + -562. List the prime factors of (-4)/14 - d/28.
2, 3
Suppose 5*h = -4*f - 1533, -4*h - h - 1536 = 3*f. Let a = h - -93. List the prime factors of 2/(-7) + a/(-21).
2, 5
Let l = 1 - -2. Suppose -95 = -l*q + 13. Suppose -q = -3*w - w. What are the prime factors of w?
3
Let k = -6 + 17. List the prime factors of k.
11
Suppose a - 2*a = -3. Suppose -a*p = -0*p - 90. Suppose -p = -2*h - h. What are the prime factors of h?
2, 5
Let x = 119 - 47. What are the prime factors of x?
2, 3
Suppose f + 5*x - 28 = -0*f, f + 3*x = 32. List the prime factors of f.
2, 19
Suppose -4 - 184 = -2*u. List the prime factors of u.
2, 47
Suppose 8*u = 4*u - 2*w + 8, 5*u + 2*w = 11. Suppose u*i + 2*s - 36 - 3 = 0, -2*s = i - 17. List the prime factors of i.
11
Let a(t) = -3*t - 51. Let n(x) = 2*x + 34. Let w(k) = -5*a(k) - 7*n(k). What are the prime factors of w(-5)?
2, 3
Let g be 8*(2 + 10/(-4)). What are the prime factors of (21/2)/((-3)/g)?
2, 7
Let v be 2/(-8) + (-99)/(-44). Let x(i) = -i**3 + 3*i**2 - 2. Let g be x(2). Suppose g*f - 20 = -v*f. List the prime factors of f.
5
Suppose 0 = -3*o + o - 224. Let f = o - -159. List the prime factors of f.
47
Let s be 1 + (-2 - 0) - -1. Let v(m) = -9*m - 8 + s*m**2 - 3*m**2 + 2*m**2. List the prime factors of v(-6).
2, 5
Let w(i) = -28*i**2 - i. Let m be w(2). Let x be (-4)/14 + m/42. Let j(r) = r**2 + 3*r + 4. List the prime factors of j(x).
2
Let h(z) = 2*z - 1 - 8*z + 4 + 0. What are the prime factors of h(-3)?
3, 7
Let t(x) = 3*x**2 + x. Let b be t(1). What are the prime factors of b/(-2) + (41 - 1)?
2, 19
Let t(k) = 6*k. Let j be t(-6). Let c = 30 - 60. List the prime factors of 18/c + j/(-10).
3
Let z = 13 - 1. Suppose 3*b = -b + z. Suppose -b*m = -4*h + 16, -h + 4 = m - 2*m. What are the prime factors of h?
2
Let r = -34 + 49. Suppose 0*n + r = n. What are the prime factors of n?
3, 5
Suppose -5*o + 58 + 62 = 0. What are the prime factors of o?
2, 3
Suppose -t + 5*t = -48. Let b = t - -47. List the prime factors of b.
5, 7
Let l(g) = g - 8. Let t be l(10). Suppose -b + 6 = t*b. Suppose -x + 24 = 4*x - i, -x = -3*i - b. List the prime factors of x.
5
Let q be (-99)/(-27) - 2/(-6). Suppose -2*w - 5*m = -q - 5, 95 = 5*w - 2*m. List the prime factors of w.
17
Let m = 0 - -4. Suppose -2*p - 2*f + 4 = -7*f, f = -m*p + 30. List the prime factors of p.
7
Let g = 30 + 19. Let n = -7 + g. List the prime factors of n.
2, 3, 7
Let x(l) = -3*l + 7. Let j(s) = 3*s - 6. Let v be (-16)/4 - (0 - 1). Let n(r) = v*x(r) - 4*j(r). What are the prime factors of n(-4)?
3, 5
List the prime factors of (0 - 2) + 36 + 2.
2, 3
Suppose 5*x + 0*t - t - 217 = 0, 3*x = -3*t + 141. Suppose 3*v + m = -0*v + x, -4*v = -3*m - 37. What are the prime factors of v?
13
Suppose 792 + 100 = -2*w. List the prime factors of 2/16 - w/16.
2, 7
Suppose 4*x + x = 425. List the prime factors of x.
5, 17
What are the prime factors of 1 + 2 + (-3 - -1) - -55?
2, 7
Let x(b) = -b**2 - 4*b - 4. Let q = 6 - 10. Let i be x(q). Let h = 10 + i. List the prime factors of h.
2, 3
Let v be 9/2 + (-1)/2. Suppose 3*w - v*w = -2. Suppose -w*y + 28 = 2*y. List the prime factors of y.
7
Suppose g - 18 = 9. What are the prime factors of g?
3
Suppose -2*r = -0*r - 6. Suppose 6 = r*a - 24. List the prime factors of 12/a*40/12.
2
Suppose -5*h - 79 = -3*l, 5*l - 123 = -0*l + 4*h. List the prime factors of l.
23
Suppose 4*p - 248 = -0*p. Suppose -t - 2*a = -0*t - 24, 2*t - p = 3*a. List the prime factors of t.
2, 7
Suppose -4*c - a + 140 = 3*a, -4*c - 5*a = -143. What are the prime factors of c?
2
Let o be 1/(3 + -3 + -1). Let x = o - -3. Suppose 4*z + 4*k = x*z + 10, 0 = 4*k + 20. What are the prime factors of z?
3, 5
Suppose 0 = -7*d + 505 - 120. List the prime factors of d.
5, 11
Let j(k) be the second derivative of 0 - 2*k - 11/2*k**2 - 1/3*k**3. List the prime factors of j(-10).
3
Suppose -105 = 2*i - 7*i + 2*k, -3*i - 3*k = -63. Let b = i - 12. List the prime factors of b.
3
Let n be (0/(-2))/(1 + 1). Suppose -3*c + 5*l = -6, 2*c + l - 4 = -n*l. Suppose -s = -3*q + c, -3*s - q = -6*q - 10. What are the prime factors of s?
2, 5
Suppose r + 4*p + 9 = 0, -3*p - 1 = -2*r + 14. What are the prime factors of -1 + r - (-45)/5?
11
List the prime factors of 486/(-12)*4*-1.
2, 3
Let o = 8 - 0. Suppose o*l - 60 = 3*l. What are the prime factors of l?
2, 3
Suppose 5*d = 75 + 185. What are the prime factors of d?
2, 13
Let g = 12 - 7. Suppose 5*n - g = 80. List the prime factors of n.
17
Suppose a - 21 = 4*d, 0*a + 4*a - 3*d - 149 = 0. List the prime factors of a.
41
Let y be ((-63)/6)/((-9)/60). Suppose -5*c + 0*c = v - 95, 5*c - 4*v = y. Suppose 0*k = 2*k - c. What are the prime factors of k?
3
Suppose 7*g - 145 = 2*g. What are the prime factors of g?
29
Let j be (2*-1)/((-6)/3). List the prime factors of (6/(-7))/(j/(-14)).
2, 3
Let t(o) = -16*o - 4. List the prime factors of t(-7).
2, 3
Let t = -5 - -10. Suppose 2*b - t*b + 11 = -2*l, -l = -4*b + 18. List the prime factors of 12/b + 2/(-5).
2
Suppose 4*x + 22 = 4*s - 6, -2*s = 5*x + 28. Let p(r) = r + 10. List the prime factors of p(x).
2
Suppose -12*r + 923 = r. What are the prime factors of r?
71
Suppose 0 = s + 5*p - 56, 2*s + p + 36 = 175. What are the prime factors of s?
71
Let h(a) = a**2. Let i be h(-2). Suppose -2*q + 5*u + 9 = -0*q, 2*q - 54 = -4*u. Suppose -i*k - 1 = -q. List the prime factors of k.
2
Let d = -10 + 11. Let k(o) = -3*o**2 + 8*o + 10. Let t(x) = -x**2 + 1. Let s(q) = d*k(q) - 5*t(q). List the prime factors of s(-5).
3, 5
List the prime factors of 1 + (1 - 1) + 1.
2
Suppose -2*v + 4*d = -4, -2*d - d + 8 = 4*v. List the prime factors of v.
2
Let x(t) = 100*t**3 + 3*t**2 - 2*t + 1. List the prime factors of x(1).
2, 3, 17
Let u(g) = g**3 + 8*g**2 + 2. Let n be u(-8). Let s be n/6 - 25/3. What are the prime factors of -3*4/6 - s?
2, 3
Let u be (-1)/((-9)/(-12) + -1). Suppose -u*a = -0*a. Suppose a = 5*f + 4*s - 68, 2*s = -3*s + 10. What are the prime factors of f?
2, 3
List the prime factors of -1 + (-652 - 0)*(-11)/44.
2, 3
Let o = 28 - -128. List the prime factors of o.
2, 3, 13
Let h(w) = -w + 14. Let v be h(0). Let s = -34 - -22. What are the prime factors of (v/6)/((-2)/s)?
2, 7
What are the prime factors of ((-2)/((-4)/25))/(27/540)?
2, 5
Let h be 2/(-13) - (-168)/78. Suppose -l = h*w - 18, 0 = w - 2*l - 23 + 4. What are the prime factors of w?
11
Suppose -i - l = -0*i + 1, 2*i = -5*l + 1. What are the prime factors of (96/36)/(i/(-9))?
2, 3
Let n be (4/(-10))/((-2)/80). Suppose 0 = o + 2*v - v - 10, 27 = 2*o - 5*v. Suppose 3*i = r - n, 3*r - 21 - o = i. What are the prime factors of r?
2, 5
Suppose z + 127 = -2*u + 5*u, 0 = 4*z - 20. List the prime factors of u.
2, 11
Suppose -3*d + 13 = 5*u, -5*u + d = 6*d - 15. Suppose -u*o = 6 + 48. Let g = -13 - o. List the prime factors of g.
2, 7
Let p(a) = 2*a**2 - 6*a + 1. Let u be p(4). Let h = -1 - -4. Let m = h + u. What are the prime factors of m?
2, 3
Let d = 26 - 13. Suppose d = 2*h - 17. List the prime factors of h.
3, 5
Suppose -6*t = -t - 15. Suppose -7*b + t*b - 4*f + 24 = 0, 4*f = -b + 9. Suppose -21 + 1 = -b*u. What are the prime factors of u?
2
Suppose 3 = t + 2. List the prime factors of 7/((-21)/(-30)) - t.
3
Let y be 10*((-1)/(-2) - -1). Suppose 2*l - o + 11 = 0, -5*l + o + y = 35. What are the prime factors of 2 - (-14 + (-2 - l))?
3, 5
Let n = -28 - 